{"id":4940,"date":"2024-10-24T15:10:53","date_gmt":"2024-10-24T14:10:53","guid":{"rendered":"https:\/\/mecatron.rma.ac.be\/?page_id=4940"},"modified":"2024-11-08T17:52:06","modified_gmt":"2024-11-08T16:52:06","slug":"alessandra-miuccio","status":"publish","type":"page","link":"https:\/\/mecatron.rma.ac.be\/index.php\/people\/alessandra-miuccio\/","title":{"rendered":"Alessandra Miuccio"},"content":{"rendered":"<p><section class=\"kc-elm kc-css-361551 kc_row\"><div class=\"kc-row-container  kc-container\"><div class=\"kc-wrap-columns\"><div class=\"kc-elm kc-css-763146 kc_col-sm-12 kc_column kc_col-sm-12\"><div class=\"kc-col-container\"><div class=\"kc-elm kc-css-33724\" style=\"height: 20px; clear: both; width:100%;\"><\/div><\/div><\/div><\/div><\/div><\/section><section class=\"kc-elm kc-css-902070 kc_row\"><div class=\"kc-row-container  kc-container\"><div class=\"kc-wrap-columns\"><div class=\"kc-elm kc-css-433123 kc_col-sm-4 kc_column kc_col-sm-4\"><div class=\"kc-col-container\"><div class=\"kc-elm kc-css-753523 kc_shortcode kc_single_image\">\n\n        <img decoding=\"async\" src=\"https:\/\/mecatron.rma.ac.be\/wp-content\/uploads\/2024\/10\/AlessandraMIUCCIO.png\" class=\"\" alt=\"\" \/>    <\/div>\n<div class=\"kc-elm kc-css-839437 kc_text_block\"><\/p>\n<h4><span style=\"color: inherit; font-size: 1.25em; font-style: inherit;\">Researcher<\/span><\/h4>\n<p>Robotics &#038; Autonomous Systems,<br \/>Royal Military Academy<\/p>\n<h4>Address<\/h4>\n<p>Avenue De La Renaissance 30, 1000 Brussels, Belgium<\/p>\n<h4>Contact Information<\/h4>\n<p><strong>Call<\/strong>: &#8211;<\/p>\n<p><strong>Email<\/strong>: <a href=\"mailto:Alessandra.miuccio@mil.be\">Alessandra.miuccio@mil.be<\/a><\/p>\n<p>\n<\/div><\/div><\/div><div class=\"kc-elm kc-css-149562 kc_col-sm-7 kc_column kc_col-sm-7\"><div class=\"kc-col-container\"><div class=\"kc-elm kc-css-832010 kc_text_block\"><\/p>\n<p>Alessandra is a robotics researcher at the Robotics &#038; Autonomous Systems unit of the Department of Mechanics of the Belgian Royal Military Academy.<br \/>She completed her Master&#8217;s Degree in Automation and Control Engineering at <a href=\"https:\/\/www.polimi.it\/\">Politecnico di Milano<\/a>. During her studies, Alessandra\u2019s Master Thesis focused on free space detection, collision avoidance using B-Spline and design and realization of a Graphic User Interface for teleoperated robot in unknown environments. She developed her Master Thesis during a period abroad at the <a href=\"https:\/\/www.tohoku.ac.jp\/en\/\">Tohoku University of Sendai, Japan<\/a>.<br \/>After her studies, Alessandra undertook a research fellowship at Politecnico di Milano. During this time, she worked on a Reinforcement Learning framework aimed at automating the manipulation of Deformable Linear Objects, as part of the Co-MIR PRIN project funded by Italian Government.<br \/>In 2024, Alessandra joined the RMA to work on the <a href=\"https:\/\/mecatron.rma.ac.be\/index.php\/projects\/dream\/\">DREAM<\/a> project, aimed at enhancing reconnaissance and mapping operations using unmanned ground robots equipped with robotic arms and a VR command console. The project focuses on integrating these technologies to create a system that promotes accurate, efficient, and user-friendly situational awareness.<\/p>\n<p>\n<\/div><\/div><\/div><div class=\"kc-elm kc-css-930552 kc_col-sm-1 kc_column kc_col-sm-1\"><div class=\"kc-col-container\"><div class=\"kc-elm kc-css-552449 kc-raw-code\"><script src=\"https:\/\/kit.fontawesome.com\/5feed4ac07.js\" crossorigin=\"anonymous\"><\/script>\r\n<link rel=\"stylesheet\" href=\"https:\/\/cdn.rawgit.com\/jpswalsh\/academicons\/master\/css\/academicons.min.css\">\r\n<span style=\"font-size: 36px; color: Dodgerblue;\">\r\n<center>\r\n<a href=\"mailto:Alessandra.Miuccio@mil.be\"> <i class=\"fas fa-envelope fas-3x\"><\/i><\/a><br><br>\r\n<a href=\"\"> <i class=\"fab fa-skype fab-3x\"><\/i><\/a><br><br>\r\n<a href=\"\"> <i class=\"fab fa-twitter\"><\/i><\/a><br><br>\r\n<a href=\"https:\/\/www.linkedin.com\/in\/alessandra-miuccio-159b74239?utm_source=share&utm_campaign=share_via&utm_content=profile&utm_medium=android_app\"> <i class=\"fab fa-linkedin\"><\/i><\/a><br><br>\r\n<a href=\"\"> <i class=\"ai ai-cv-square ai\"><\/i><\/a><br><br>\r\n<\/center>\r\n<\/span>\r\n<span style=\"font-size: 36px; color: Dodgerblue;\">\r\n<center>\r\n<a href=\"\"><i class=\"ai ai-google-scholar-square ai\"><\/i><\/a><br><br>\r\n<a href=\"\"><i class=\"fab fa-researchgate\"><\/i><\/a><br><br>\r\n<a href=\"\"><i class=\"fab fa-mendeley\"><\/i><\/a><br><br>\r\n<a href=\"\"><i class=\"ai ai-researcherid-square ai\"><\/i><\/a><br><br>\r\n<a href=\"\"><i class=\"ai ai-orcid-square ai\"><\/i><\/a>\r\n<\/center>\r\n<\/span><\/div><\/div><\/div><\/div><\/div><\/section><section class=\"kc-elm kc-css-108721 kc_row\"><div class=\"kc-row-container  kc-container\"><div class=\"kc-wrap-columns\"><div class=\"kc-elm kc-css-588589 kc_col-sm-12 kc_column kc_col-sm-12\"><div class=\"kc-col-container\"><div class=\"kc-elm kc-css-868142\" style=\"height: 20px; clear: both; width:100%;\"><\/div><\/div><\/div><\/div><\/div><\/section><section class=\"kc-elm kc-css-732452 kc_row\"><div class=\"kc-row-container  kc-container\"><div class=\"kc-wrap-columns\"><div class=\"kc-elm kc-css-570224 kc_col-sm-12 kc_column kc_col-sm-12\"><div class=\"kc-col-container\">\n<div class=\"kc-elm kc-css-725360 kc-title-wrap \">\n\n\t<h2 class=\"kc_title\">Publications<\/h2>\n<\/div>\n<div class=\"kc-elm kc-css-395552 kc_text_block\"><\/p>\n<p><span style=\"font-style: inherit;\"><\/p>\n<h3 class=\"papercite\">2025<\/h3>\n<ul class=\"papercite_bibliography\">\n<li>    M. Malizia, K. Hasselmann, A. Miuccio, R. Haelterman, N. Tsiogkas, and E. Demeester, &#8220;PFM-1 Landmine Detection in Vegetation Using Thermal Imaging with Limited Training Data,\" in <span style=\"font-style: italic\">2025 25th International Conference on Control, Automation and Systems (ICCAS)<\/span>,  2025, pp. 1864-1869.    <br \/>   <a href=\"javascript:void(0)\" id=\"papercite_0\" class=\"papercite_toggle\">[BibTeX]<\/a>         <a href=\"https:\/\/ras.papercept.net\/conferences\/conferences\/ICCAS25\/program\/ICCAS25_ContentListWeb_4.html\" title='Download PDF' class='papercite_pdf'>[Download PDF]<\/a>         <a href='http:\/\/dx.doi.org\/10.23919\/ICCAS66577.2025.11301116' class='papercite_doi' title='View on publisher site'>[DOI]<\/a>\n<div class=\"papercite_bibtex\" id=\"papercite_0_block\">\n<pre><code class=\"tex bibtex\">@inproceedings{malizia2025pfm,\nauthor = {Malizia, Mario and Hasselmann, Ken and Miuccio, Alessandra and Haelterman, Rob and Tsiogkas, Nikolaos and Demeester, Eric},\ntitle = {{PFM}-1 Landmine Detection in Vegetation Using Thermal Imaging with Limited Training Data},\nbooktitle = {2025 25th International Conference on Control, Automation and Systems (ICCAS)},\nyear = {2025},\npages={1864-1869},\nunit= {meca-ras},\nurl={https:\/\/ras.papercept.net\/conferences\/conferences\/ICCAS25\/program\/ICCAS25_ContentListWeb_4.html},\ndoi={10.23919\/ICCAS66577.2025.11301116},\nproject= {BELGIAN, DREAM}\n}<\/code><\/pre>\n<\/p>\n<\/div>\n<\/li>\n<li>    A. Miuccio, T. Fr\u00e9ville, E. Le Fl\u00e9cher, and C. Hamesse, <span style=\"font-style: italic\">Autonomous Mobile Manipulation for Safe and Efficient Landmine Disposal<\/span>CEIA Humanitarian Clearance Teamwork, 2025.    <br \/>   <a href=\"javascript:void(0)\" id=\"papercite_1\" class=\"papercite_toggle\">[BibTeX]<\/a>      <a href=\"javascript:void(0)\" id=\"papercite_abstract_1\" class=\"papercite_toggle\">[Abstract]<\/a>         <a href=\"https:\/\/www.ctro.hr\/userfiles\/files\/BROSURA%20CTRO%20MINE%20ACTION_2025_za%20web.pdf#page=25\" title='Download PDF' class='papercite_pdf'>[Download PDF]<\/a><br \/>\n<blockquote class=\"papercite_bibtex\" id=\"papercite_abstract_1_block\">\n<p>Autonomous mobile manipulation for safe and efficient landmine disposal<\/p>\n<\/blockquote>\n<div class=\"papercite_bibtex\" id=\"papercite_1_block\">\n<pre><code class=\"tex bibtex\">@misc{miuccio_autonomous_2025,\ntitle = {Autonomous {Mobile} {Manipulation} for {Safe} and {Efficient} {Landmine} {Disposal}},\nurl = {https:\/\/www.ctro.hr\/userfiles\/files\/BROSURA%20CTRO%20MINE%20ACTION_2025_za%20web.pdf#page=25},\nabstract = {Autonomous mobile manipulation for safe and efficient landmine disposal},\nlanguage = {EN},\npublisher = {CEIA Humanitarian Clearance Teamwork},\nauthor = {Miuccio, Alessandra and Fr\u00e9ville, Timoth\u00e9e and Le Fl\u00e9cher, Emile and Hamesse, Charles},\nyear = {2025},\nunit= {meca-ras},\nproject= {DREAM}\n}<\/code><\/pre>\n<\/p>\n<\/div>\n<\/li>\n<\/ul>\n<h3 class=\"papercite\">2024<\/h3>\n<ul class=\"papercite_bibliography\">\n<li>    A. Miuccio, R. Manr\u00edquez-Cisterna, A. A. Ravankar, J. Victorio Salazar Luces, Y. Hirata, and P. Rocco, &#8220;A B-spline Approach for Improved Environmental Awareness in Virtual Walking System using Avatar Robot,\" in <span style=\"font-style: italic\">2024 33rd IEEE International Conference on Robot and Human Interactive Communication (ROMAN)<\/span>,  2024, pp. 189-195.    <br \/>   <a href=\"javascript:void(0)\" id=\"papercite_2\" class=\"papercite_toggle\">[BibTeX]<\/a>            <a href='http:\/\/dx.doi.org\/10.1109\/RO-MAN60168.2024.10731425' class='papercite_doi' title='View on publisher site'>[DOI]<\/a>\n<div class=\"papercite_bibtex\" id=\"papercite_2_block\">\n<pre><code class=\"tex bibtex\">@INPROCEEDINGS{10731425,\nauthor={Miuccio, Alessandra and Manr\u00edquez-Cisterna, Ricardo and Ravankar, Ankit A. and Victorio Salazar Luces, Jose and Hirata, Yasuhisa and Rocco, Paolo},\nbooktitle={2024 33rd IEEE International Conference on Robot and Human Interactive Communication (ROMAN)},\ntitle={A B-spline Approach for Improved Environmental Awareness in Virtual Walking System using Avatar Robot},\nyear={2024},\nvolume={},\nnumber={},\npages={189-195},\nkeywords={Legged locomotion;Navigation;Avatars;Aerospace electronics;Cameras;Real-time systems;User experience;Safety;Splines (mathematics);Robots},\ndoi={10.1109\/RO-MAN60168.2024.10731425}\n}<\/code><\/pre>\n<\/p>\n<\/div>\n<\/li>\n<\/ul>\n<p><\/span><\/p>\n<p>\n<\/div><\/div><\/div><\/div><\/div><\/section><section class=\"kc-elm kc-css-111747 kc_row\"><div class=\"kc-row-container  kc-container\"><div class=\"kc-wrap-columns\"><div class=\"kc-elm kc-css-129478 kc_col-sm-12 kc_column kc_col-sm-12\"><div class=\"kc-col-container\"><div class=\"kc-elm kc-css-695626\" style=\"height: 20px; clear: both; width:100%;\"><\/div><\/div><\/div><\/div><\/div><\/section><\/p>\n","protected":false},"excerpt":{"rendered":"","protected":false},"author":1,"featured_media":250,"parent":3120,"menu_order":0,"comment_status":"closed","ping_status":"closed","template":"","meta":{"footnotes":""},"class_list":["post-4940","page","type-page","status-publish","has-post-thumbnail","hentry"],"_links":{"self":[{"href":"https:\/\/mecatron.rma.ac.be\/index.php\/wp-json\/wp\/v2\/pages\/4940","targetHints":{"allow":["GET"]}}],"collection":[{"href":"https:\/\/mecatron.rma.ac.be\/index.php\/wp-json\/wp\/v2\/pages"}],"about":[{"href":"https:\/\/mecatron.rma.ac.be\/index.php\/wp-json\/wp\/v2\/types\/page"}],"author":[{"embeddable":true,"href":"https:\/\/mecatron.rma.ac.be\/index.php\/wp-json\/wp\/v2\/users\/1"}],"replies":[{"embeddable":true,"href":"https:\/\/mecatron.rma.ac.be\/index.php\/wp-json\/wp\/v2\/comments?post=4940"}],"version-history":[{"count":5,"href":"https:\/\/mecatron.rma.ac.be\/index.php\/wp-json\/wp\/v2\/pages\/4940\/revisions"}],"predecessor-version":[{"id":5201,"href":"https:\/\/mecatron.rma.ac.be\/index.php\/wp-json\/wp\/v2\/pages\/4940\/revisions\/5201"}],"up":[{"embeddable":true,"href":"https:\/\/mecatron.rma.ac.be\/index.php\/wp-json\/wp\/v2\/pages\/3120"}],"wp:featuredmedia":[{"embeddable":true,"href":"https:\/\/mecatron.rma.ac.be\/index.php\/wp-json\/wp\/v2\/media\/250"}],"wp:attachment":[{"href":"https:\/\/mecatron.rma.ac.be\/index.php\/wp-json\/wp\/v2\/media?parent=4940"}],"curies":[{"name":"wp","href":"https:\/\/api.w.org\/{rel}","templated":true}]}}